
True
Is 136577240887 a prime number?
True
Is 633098749 a prime number?
False
Is 2789772203 a prime number?
False
Is 52202808605 a prime number?
False
Is 2046565739 composite?
False
Is 66091469 a composite number?
True
Is 329159003 a prime number?
False
Is 1691868391 prime?
True
Is 18139812151 a composite number?
False
Is 36918647783 prime?
True
Is 169231603 prime?
False
Is 6607086779 prime?
True
Is 56556058199 composite?
True
Is 5208094007 a composite number?
True
Is 5573177989 composite?
True
Is 23866550051 prime?
True
Is 6998319413 a composite number?
False
Is 327310865795 a composite number?
True
Is 1039435843 composite?
False
Is 1435151777 composite?
False
Is 4424846903 a composite number?
False
Is 439296617 a prime number?
True
Is 59378771 a composite number?
False
Is 965333939 composite?
True
Is 337773983 composite?
True
Is 81294699209 a prime number?
True
Is 9789831091 a composite number?
True
Is 854772343 a prime number?
False
Is 246620800493 composite?
False
Is 65537575021 a prime number?
True
Is 30983202979 a composite number?
False
Is 6306054841 a composite number?
True
Is 5889449939 a composite number?
False
Is 9455735 prime?
False
Is 8641191173 a composite number?
False
Is 26274553729 composite?
True
Is 52576765003 a composite number?
True
Is 71471207 a composite number?
False
Is 26907802939 a prime number?
False
Is 17348660843 a prime number?
True
Is 2107486371 a prime number?
False
Is 75917823623 prime?
False
Is 135143870203 prime?
True
Is 2863106569 prime?
False
Is 31766590897 composite?
True
Is 886667461 composite?
False
Is 190367299 prime?
False
Is 19990332451 a composite number?
False
Is 12609171433 prime?
False
Is 326622680803 prime?
True
Is 6084403651 composite?
True
Is 849171107 a composite number?
False
Is 1230526839 a prime number?
False
Is 100214928421 composite?
True
Is 5757670181 a composite number?
False
Is 180182411 a prime number?
False
Is 4972551889 composite?
False
Is 3546581737 composite?
True
Is 1316333713 composite?
False
Is 3782203543 prime?
False
Is 405994042205 a prime number?
False
Is 3246864833 prime?
False
Is 217260643 a prime number?
True
Is 578843933 a composite number?
True
Is 6564122923 composite?
False
Is 785997053 a composite number?
False
Is 334927 a composite number?
True
Is 14676731759 a composite number?
True
Is 3304695521 a composite number?
True
Is 4259545613 prime?
True
Is 3953005669 prime?
False
Is 101019631 a composite number?
False
Is 23157137 composite?
False
Is 21571404461 prime?
False
Is 2796699487 prime?
True
Is 823036111 a prime number?
False
Is 6974123021 composite?
False
Is 366514469 a composite number?
False
Is 30892622699 a prime number?
True
Is 3541726703 composite?
True
Is 34686744553 a composite number?
True
Is 708929521 a composite number?
False
Is 16174892353 a prime number?
True
Is 13402358939 a prime number?
False
Is 811260079 a composite number?
True
Is 182682059 a composite number?
True
Is 546227701 a composite number?
False
Is 4045036997 a composite number?
False
Is 565590013 a composite number?
False
Is 15419426813 a prime number?
False
Is 5730451761 a composite number?
True
Is 10916864999 a prime number?
True
Is 189823202 composite?
True
Is 7991928947 a composite number?
False
Is 7378990793 prime?
True
Is 4549834327 prime?
True
Is 1404236978 a composite number?
True
Is 24862967995 a prime number?
False
Is 388062203 prime?
False
Is 20145625453 a composite number?
False
Is 4775774683 prime?
False
Is 1443989387 a prime number?
False
Is 22409319563 a composite number?
True
Is 106076263973 a composite number?
True
Is 13610894261 a composite number?
False
Is 3502863589 a prime number?
True
Is 4272073571 a composite number?
False
Is 186805319 prime?
False
Is 73874039 composite?
False
Is 44043254417 composite?
True
Is 1688526283 prime?
True
Is 2608901 composite?
True
Is 10214505373 a prime number?
False
Is 56033370131 composite?
False
Is 55733663801 a prime number?
True
Is 303812263 a prime number?
False
Is 43410902089 prime?
True
Is 33549312809 prime?
False
Is 12905759473 a composite number?
False
Is 134359021921 a composite number?
False
Is 8326102069 a prime number?
True
Is 154477416041 prime?
False
Is 4376237615 a prime number?
False
Is 2363019161 prime?
False
Is 36763593281 prime?
True
Is 87777834973 composite?
False
Is 3329828383 composite?
True
Is 413591377 prime?
True
Is 294844939 a prime number?
True
Is 905071829 a composite number?
False
Is 810630277 composite?
False
Is 1593114041 a prime number?
True
Is 118138667 a prime number?
True
Is 1882218643 prime?
True
Is 46122977 a composite number?
False
Is 466203431 a prime number?
True
Is 2181008773 a composite number?
False
Is 22413953789 a composite number?
False
Is 185059333 a prime number?
True
Is 448795163429 a composite number?
True
Is 744668633 a composite number?
False
Is 16532417531 composite?
True
Is 26685533395 prime?
False
Is 4998181466 composite?
True
Is 1031022557 a prime number?
True
Is 49336318219 a prime number?
True
Is 6093289489 a prime number?
False
Is 1454521531 prime?
True
Is 693504121 a composite number?
False
Is 13466469071 composite?
True
Is 626518973 a prime number?
True
Is 784856785 a composite number?
True
Is 1119582043 a prime number?
True
Is 142612159 a prime number?
True
Is 100733256691 composite?
False
Is 12171347911 composite?
False
Is 8046051227 a prime number?
False
Is 84464685101 a prime number?
False
Is 4022446735 composite?
True
Is 10181146039 composite?
True
Is 768163931 a prime number?
True
Is 15330545 a prime number?
False
Is 1344059638 prime?
False
Is 1242538357 a prime number?
True
Is 13318799897 a composite number?
True
Is 1843492243 composite?
False
Is 26530518799 a composite number?
True
Is 4926964855 a prime number?
False
Is 2021556863 a composite number?
True
Is 17029083287 a prime number?
False
Is 763449337 a prime number?
False
Is 14135205211 a composite number?
True
Is 581160787 a composite number?
False
Is 1084440809 composite?
True
Is 3277529561 a prime number?
True
Is 45743897 a composite number?
False
Is 2352073637 a prime number?
True
Is 25355712241 composite?
False
Is 34218476791 a prime number?
False
Is 6031771903 a prime number?
False
Is 6491845523 composite?
False
Is 4017857929 a composite number?
False
Is 5471102057 prime?
True
Is 2881551479 composite?
False
Is 1339905803 a composite number?
True
Is 377888061 a prime number?
False
Is 6809536061 prime?
False
Is 39891962039 composite?
False
Is 5190716261 composite?
True
Is 524300653 a prime number?
True
Is 518009813 composite?
True
Is 1518191267 composite?
True
Is 13906214255 a prime number?
False
Is 292586381 prime?
False
Is 1504200245 composite?
True
Is 1668461917 a prime number?
True
Is 662975603 composite?
False
Is 20638379903 composite?
True
Is 900952153 prime?
False
Is 2331727343 a composite number?
True
Is 17895832177 prime?
True
Is 1208695337 a prime number?
True
Is 8044233763 prime?
True
Is 98195785 prime?
False
Is 9495790727 a prime number?
True
Is 70190258927 a prime number?
False
Is 157531561631 a prime number?
False
Is 1990414007 composite?
True
Is 6664157391 a prime number?
False
Is 1149326693 a prime number?
True
Is 6715824587 composite?
True
Is 1376182193 prime?
True
Is 948389399 prime?
True
Is 1133041127 a prime number?
True
Is 6825182737 prime?
True
Is 23280928949 composite?
True
Is 5700350893 a composite number?
False
Is 369934545171 composite?
True
Is 8617427635 a composite number?
True
Is 653645149 a composite number?
False
Is 27430011733 composite?
False
Is 6415860043 composite?
False
Is 4306689799 prime?
False
Is 48204051901 composite?
False
Is 14639763109 prime?
False
Is 377529913 a prime number?
True
Is 16780224607 composite?
True
Is 113668878283 composite?
False
Is 8208882883 a composite number?
True
Is 2876291281 a composite number?
False
Is 2138111177 a composite number?
False
Is 417557029 composite?
False
Is 821110427 composite?
True
Is 861751001 composite?
False
Is 19859890357 a composite number?
False
Is 72824084911 composite?
False
Is 6269133799 a prime number?
True
Is 143964223 prime?
False
Is 26794825013 prime?
False
Is 59851887911 composite?
True
Is 1946194483 composite?
False
Is 11066637217 a prime number?
False
Is 9514708639 a composite number?
False
Is 384098921 a comp